e prime factors of 352228114?
2, 7, 25159151
List the prime factors of 920004.
2, 3, 76667
What are the prime factors of 33842831?
11, 3076621
What are the prime factors of 79663368?
2, 3, 37, 283, 317
List the prime factors of 5688214577.
467, 12180331
List the prime factors of 2085274231.
23, 37, 2450381
What are the prime factors of 1338477690?
2, 3, 5, 11, 4055993
What are the prime factors of 2198364979?
17, 1627, 79481
List the prime factors of 646019583.
3, 11, 89, 219959
What are the prime factors of 1368029503?
2719, 503137
What are the prime factors of 1306987463?
41, 31877743
What are the prime factors of 99947886?
2, 3, 16657981
What are the prime factors of 29751601?
11, 245881
What are the prime factors of 291732318?
2, 3, 2333, 6947
What are the prime factors of 7479774?
2, 3, 415543
List the prime factors of 51303069.
3, 5700341
What are the prime factors of 1202353548?
2, 3, 11, 53, 171863
List the prime factors of 3567719796.
2, 3, 23, 41, 315281
List the prime factors of 1941619005.
3, 5, 367, 13063
What are the prime factors of 155826521?
155826521
What are the prime factors of 325407411?
3, 7, 181, 28537
List the prime factors of 465727947.
3, 257, 604057
List the prime factors of 85663955.
5, 13, 43, 30649
What are the prime factors of 38441720?
2, 5, 359, 2677
What are the prime factors of 5385748072?
2, 61, 97, 113777
What are the prime factors of 1581947526?
2, 3, 41, 47, 61, 2243
What are the prime factors of 1268553369?
3, 149, 2837927
List the prime factors of 574354084.
2, 143588521
What are the prime factors of 475423468?
2, 13, 1949, 4691
What are the prime factors of 573827542?
2, 1361, 210811
List the prime factors of 20792483.
23, 37, 53, 461
List the prime factors of 826288103.
2081, 397063
List the prime factors of 2399667291.
3, 7, 1093, 34849
List the prime factors of 22736832.
2, 3, 79, 1499
List the prime factors of 13374155.
5, 17, 23, 6841
What are the prime factors of 220943148?
2, 3, 18411929
List the prime factors of 426943041.
3, 7, 113, 179917
What are the prime factors of 887264076?
2, 3, 1621, 45613
What are the prime factors of 332213890?
2, 5, 1153, 28813
What are the prime factors of 3007839593?
11, 19, 14391577
What are the prime factors of 4116116944?
2, 257257309
List the prime factors of 255440881.
255440881
List the prime factors of 196649023.
196649023
What are the prime factors of 196886591?
11, 109, 164209
List the prime factors of 121801268.
2, 877, 34721
List the prime factors of 1467877565.
5, 7, 11, 544667
List the prime factors of 205299170.
2, 5, 20529917
List the prime factors of 6443068.
2, 17, 41, 2311
What are the prime factors of 1351209?
3, 450403
List the prime factors of 216713777.
7, 31, 998681
What are the prime factors of 679576998?
2, 3, 23, 4924471
List the prime factors of 928405443.
3, 7, 37, 71, 16829
List the prime factors of 1758674780.
2, 5, 87933739
List the prime factors of 114247486.
2, 23, 2483641
What are the prime factors of 202905360?
2, 3, 5, 7, 127, 317
List the prime factors of 265536514.
2, 19, 31, 431, 523
What are the prime factors of 4621967?
7, 660281
List the prime factors of 50183493.
3, 23, 727297
What are the prime factors of 100219139?
97, 139, 7433
List the prime factors of 1715812486.
2, 857906243
List the prime factors of 717991445.
5, 11117, 12917
List the prime factors of 233506677.
3, 77835559
What are the prime factors of 1005714349?
769, 1307821
What are the prime factors of 1697465212?
2, 424366303
List the prime factors of 524715843.
3, 174905281
What are the prime factors of 117829579?
7, 16832797
What are the prime factors of 2019866183?
2019866183
List the prime factors of 118500189.
3, 2309, 17107
What are the prime factors of 124687078?
2, 17, 1031, 3557
What are the prime factors of 82039301?
82039301
List the prime factors of 370057250.
2, 5, 1480229
List the prime factors of 496614983.
496614983
List the prime factors of 362378406.
2, 3, 13, 31, 149867
List the prime factors of 1315425484.
2, 211, 1558561
What are the prime factors of 2486261510?
2, 5, 311, 799441
What are the prime factors of 18660886?
2, 2699, 3457
List the prime factors of 532335.
3, 5, 23, 1543
List the prime factors of 261954516.
2, 3, 149, 239, 613
List the prime factors of 24848954.
2, 13, 955729
What are the prime factors of 429707338?
2, 241, 891509
What are the prime factors of 830184483?
3, 11411, 24251
List the prime factors of 120179838.
2, 3, 20029973
What are the prime factors of 5639510?
2, 5, 271, 2081
What are the prime factors of 3007020260?
2, 5, 173, 869081
List the prime factors of 9459509.
23, 193, 2131
List the prime factors of 20703944.
2, 2587993
What are the prime factors of 70434280?
2, 5, 7, 23, 10937
List the prime factors of 244544.
2, 3821
What are the prime factors of 1429471227?
3, 14369, 33161
List the prime factors of 1211706832.
2, 7, 103, 105037
List the prime factors of 584784607.
11, 53162237
List the prime factors of 5720699793.
3, 31, 67, 918103
What are the prime factors of 75841013?
241, 314693
List the prime factors of 1427692603.
193, 293, 25247
List the prime factors of 406758232.
2, 19, 1021, 2621
List the prime factors of 1194435392.
2, 389, 47977
List the prime factors of 2157965581.
2157965581
List the prime factors of 60792833.
17, 59, 60611
What are the prime factors of 94416823?
1223, 77201
What are the prime factors of 2587310231?
11, 157, 1498153
What are the prime factors of 3892291326?
2, 3, 7, 11, 936097
What are the prime factors of 2873095867?
2873095867
What are the prime factors of 134122630?
2, 5, 337, 39799
What are the prime factors of 15557933?
15557933
List the prime factors of 1550903194.
2, 79, 9815843
List the prime factors of 1691172333.
3, 367, 512011
List the prime factors of 1966190103.
3, 73, 2992679
List the prime factors of 190105349.
7, 103, 5381
List the prime factors of 1346595916.
2, 2549, 132071
List the prime factors of 55506806.
2, 71, 390893
List the prime factors of 6578493265.
5, 83, 15851791
List the prime factors of 273634383.
3, 11, 2347, 3533
What are the prime factors of 176585341?
17, 109, 233, 409
List the prime factors of 99594207.
3, 29, 41, 227
List the prime factors of 596904103.
7309, 81667
What are the prime factors of 190943670?
2, 3, 5, 6364789
List the prime factors of 4560701127.
3, 491, 3096199
What are the prime factors of 3531648577?
3531648577
List the prime factors of 2863681210.
2, 5, 13, 22028317
What are the prime factors of 67069489?
29, 59, 39199
What are the prime factors of 1587021571?
1553, 1021907
What are the prime factors of 29679454?
2, 7, 1193, 1777
List the prime factors of 1690908286.
2, 845454143
What are the prime factors of 35776658?
2, 19, 941491
What are the prime factors of 78485859?
3, 491, 17761
What are the prime factors of 970112955?
3, 5, 7, 9239171
What are the prime factors of 1269247223?
37, 34303979
List the prime factors of 327398400.
2, 3, 5, 7, 29
What are the prime factors of 34025986?
2, 43, 173, 2287
List the prime factors of 36038865.
3, 5, 587, 4093
List the prime factors of 175986518.
2, 47, 97, 19301
List the prime factors of 48720938.
2, 7, 3480067
List the prime factors of 54422324.
2, 11, 23, 53777
List the prime factors of 28152915.
3, 5, 7, 268123
What are the prime factors of 170822481?
3, 2467, 23081
List the prime factors of 27603582.
2, 3, 137, 33581
List the prime factors of 121847173.
7, 2486677
List the prime factors of 1149181503.
3, 19, 20161079
What are the prime factors of 51928322?
2, 25964161
What are the prime factors of 227484293?
17, 31, 431659
What are the prime factors of 144110511?
3, 16012279
What are the prime factors of 4259114087?
29, 31, 353, 13421
List the prime factors of 142588974.
2, 3, 11, 53, 40763
List the prime factors of 334863374.
2, 167431687
What are the prime factors of 310466064?
2, 3, 107, 60449
List the prime factors of 4501795074.
2, 3, 7, 7853, 13649
What are the prime factors of 245184936?
2, 3, 107, 307, 311
What are the prime factors of 82306504?
2, 7, 887, 1657
List the prime factors of 72078311.
29, 139, 17881
What are the prime factors of 37153147?
29, 79, 16217
List the prime factors of 31840352.
2, 19, 52369
List the prime factors of 115082876.
2, 37